 f(-8)?
5
Suppose -g + 11 + 33 = -2*z, -2*g - 56 = 2*z. Let p = 114 + -57. Let s = p + z. What is the units digit of s?
3
Suppose -5*p - 27604 = -c, -71*c = -68*c + 5*p - 82812. What is the thousands digit of c?
7
Let n(r) = -186 + 75 + 44 - 53*r. What is the units digit of n(-8)?
7
Let j = 15294 + -9578. Suppose t = -3*t + j. What is the tens digit of t?
2
What is the hundreds digit of 3237 + ((-11)/2 + 3)*(-84)/70?
2
Suppose -998*p - 3464 = -i - 1003*p, 2*p = 0. What is the tens digit of i?
6
Let u(z) = 2*z**3 - 65*z**2 - 24*z + 32. Let j be u(32). Let l = j - -2721. What is the hundreds digit of l?
9
Let l(b) = 758*b**2 + 27*b + 1. What is the hundreds digit of l(5)?
0
Suppose 0 = b - 19 + 14. Suppose 7 = 5*a + t - 2*t, 4*a + 7 = b*t. Suppose 0*f - a*s = 5*f - 445, s = 0. What is the tens digit of f?
8
Let s(z) = 8*z**2 - 36*z + 12. Let w be s(6). Let j = w + -25. What is the units digit of j?
9
Suppose 3*z - 12*z = 18. Let p be (-1)/z*26 - (3 + -6). Suppose p*h = 13*h + 174. What is the units digit of h?
8
Suppose -393*p + 655096 + 479318 = -51*p. What is the tens digit of p?
1
Let z = -10535 + 16454. What is the hundreds digit of z?
9
What is the hundreds digit of (432/(-9))/((-5)/((-42680)/(-12)))?
1
Let y be (-6)/11 + (-2 - 55640/(-44)). Let x = 257 + y. What is the hundreds digit of x?
5
Let i(p) = 232*p**2 + 73*p - 104. What is the thousands digit of i(5)?
6
Let u(v) be the third derivative of 55*v**4/24 + 67*v**3/2 - 2*v**2 - 169. What is the units digit of u(17)?
6
Let u(n) = n**3 - 59*n**2 + 100*n - 1647. What is the tens digit of u(63)?
2
Let u(f) = f**3 - 32*f**2 - 32*f - 37. Let w be u(33). What is the tens digit of 2/((1/678)/((-1)/w))?
3
Suppose u - 5*u - 5*b = -35819, 0 = 5*u + 2*b - 44744. What is the hundreds digit of u?
9
Suppose -3*p - 111*p + 1197118 = -247490. What is the thousands digit of p?
2
Suppose 7*l = -644 + 39669. What is the units digit of l?
5
Let l(f) = 369*f**2 + 10*f + 10. Let t(c) = -738*c**2 - 22*c - 22. Let d(i) = 14*l(i) + 6*t(i). What is the units digit of d(-1)?
8
Suppose 9 = g + 4. Suppose -5*x - d = -3686 - 601, g*x + 3*d = 4291. What is the units digit of x?
7
Let d = -19313 - -32999. What is the units digit of d?
6
Let f = -3 + 38. Let s = f + -53. What is the units digit of 3/(s/(-220)) - 2/(-6)?
7
What is the thousands digit of 82515/6 + ((-5)/5)/2?
3
Let f(i) be the second derivative of -i**4/6 - 8*i**3/3 - 5*i**2 + 2*i. Let d be f(-7). Suppose d*b + 25 = 125. What is the units digit of b?
5
Suppose t = -t - 4*d - 4, -5*t + 4*d - 38 = 0. What is the units digit of (3/t)/(5/(-6 - 4164))?
7
Suppose -3*p - 58235 = 41*j - 46*j, 5*j = -5*p + 58275. What is the ten thousands digit of j?
1
Suppose -14*m + 22*m - 32 = 0. Suppose -4*o - 3*d + 2*d + 1648 = 0, 2*o + m*d = 838. What is the hundreds digit of o?
4
Let x be (1 - 3) + -2 - -9466. What is the hundreds digit of (x/(-4))/((-6)/4)?
5
Suppose 0 = 2*s - 4*o - 35632, 4*s - o - 13592 = 57651. What is the thousands digit of s?
7
Let l = -53 - -52. Let p be 476/(-6) + (-4)/12*l. Let s = p - -166. What is the units digit of s?
7
Let s = 42932 + -28048. What is the tens digit of s?
8
Suppose 478 + 2504 = 14*p. What is the units digit of p?
3
Suppose -4*t + 31 = -9. Let l(u) = 5*u**2 - 3*u + 5. Let n(z) = -9*z**2 + 5*z - 10. Let s(i) = 11*l(i) + 6*n(i). What is the units digit of s(t)?
5
Suppose -16*q = 9*q - 7*q. Suppose q = 2*w - 18*w + 4032. What is the tens digit of w?
5
Let k(f) = 4*f + 33. Let b(q) = -2*q - 17. Let o(t) = -13*b(t) - 6*k(t). Let m be o(-8). Suppose -147 = -m*s + 84. What is the tens digit of s?
3
Suppose -6*k - 20 = -8*k. Let f be k/(-20) - ((-138)/4 + -2). Suppose 35*v = 29*v + f. What is the units digit of v?
6
Let c = -6563 + 8373. What is the units digit of c?
0
Let i(d) = 2564*d + 12. Let g be i(1). Suppose -g = -10*u + 2784. Suppose 5*q - 4*c - u = 0, 5*q + 4*c = -0*c + 544. What is the tens digit of q?
0
Let v(w) = 675*w**2 - 137*w + 445. What is the thousands digit of v(9)?
3
Suppose 32*l - 107921 = 7311. What is the thousands digit of l?
3
Let o = -253 + 389. Let p(k) = -67*k**3 + 1. Let z be p(-1). Let u = o - z. What is the units digit of u?
8
Let p(h) = 358*h - 10. What is the units digit of p(7)?
6
Let o(i) = 36*i**2 + i + 6. Let x be ((-1)/(-1) - 2)/((-24)/(-48)). What is the units digit of o(x)?
8
Let u be (2 + 12/(-8))*8. Suppose -u*w = -2*c - 64, 0 = 4*w - w - 5*c - 48. Let t = 52 + w. What is the tens digit of t?
6
Let c(h) = -h**3 - 3*h**2 - 79*h - 25. What is the hundreds digit of c(-21)?
5
Suppose -11*v + 22314 = 4*k - 12*v, -3*k + 3*v = -16731. What is the units digit of k?
9
Let d(x) = -16*x - 13. Let a be d(5). Let r = a - -193. Let o = r - 95. What is the units digit of o?
5
Let s(n) = 1279*n**2 - 233*n + 698. What is the thousands digit of s(3)?
1
Suppose 5*l - 19*z - 2203 = -20*z, -z = -l + 437. Suppose 6*f - 10*f = -l. What is the tens digit of f?
1
Suppose 3*d - 17809 = -b, 4*b - 47*d + 46*d = 71301. What is the ten thousands digit of b?
1
Let s = 11492 + -655. What is the thousands digit of s?
0
Let d = -654 - -706. Suppose -35*f - 6426 = -d*f. What is the hundreds digit of f?
3
Let l be 16/10*(-837 - -2). Let y = l - -2007. What is the units digit of y?
1
Let n(w) = -w**3 + 8*w**2 - 8*w - 3. Let y be n(4). Suppose 2679 + 23421 = y*o. What is the hundreds digit of o?
9
Let a = -356 - -420. Suppose -a*u = -77*u + 14716. What is the units digit of u?
2
Suppose 8449 = 11*q - 27884. Suppose q = -p + 4*p. What is the units digit of p?
1
Suppose 8*w - 1692 = 11116. Suppose -26*b + w = -3781. What is the tens digit of b?
0
Suppose 69 - 9 = -4*b. Let t(a) = a**2 + 13*a - 26. Let c be t(b). Suppose -249 = -c*r + r. What is the units digit of r?
3
Let j(x) = -151*x + 1561. What is the tens digit of j(-33)?
4
Suppose 2*r + 194344 = 4*j, 289*j + 48619 = 290*j + 5*r. What is the hundreds digit of j?
5
Let n(a) = a**3 - 7*a**2 - 5*a - 13. Suppose 4*m = 5*d + 2*m - 81, 76 = 4*d + 4*m. Suppose -4*v + 3*i = -47, v + i = -4*i - d. What is the units digit of n(v)?
1
Suppose 49824 + 84202 = 19*i. What is the tens digit of i?
5
Suppose -11*c + 5 = -6*c. What is the hundreds digit of -1*(-1)/c*(-1292)/(-2)?
6
Suppose -5*q + 9719 = 3*x, -9737 = 5*x - 8*x + 4*q. What is the units digit of x?
3
Let h = 42868 - 2003. What is the tens digit of h?
6
Let k be 125/(-50) + (-16107)/(-6). Suppose -33*j = -27*j - k. What is the hundreds digit of j?
4
Let z be (-2)/(-12) - 95/30. Let f = -1 - z. Suppose 2*o = -t + 57, -o - 132 = -f*t + 4*o. What is the tens digit of t?
6
Let v(g) = 30*g**2 - 12*g + 47. What is the hundreds digit of v(-11)?
8
Let k = -2 + 5. Let c(q) = q**3 + 14*q**2 + 8*q - 93. Let w be c(-9). Suppose -5*u - w = -5*d, 2*u - 51 = 2*d - k*d. What is the tens digit of d?
4
Let l(i) = i**2 - 2*i + 3. Let a be l(3). Let n be -14 + (-10 - -12) + 12. Suppose -a*h + 54 + 12 = n. What is the tens digit of h?
1
What is the units digit of ((-4)/(-38))/(-1) - 27631946/(-3781)?
8
Let m(q) = 2*q**3 - 6*q**2 + q - 1. Let r be m(3). Suppose 33 = -r*x + 3*x + g, g = -5*x + 177. Suppose -13 + x = z. What is the tens digit of z?
2
Suppose 36*b - 12 = 32*b. Suppose -b*n = -0*r + 2*r - 3346, -4 = -2*r. What is the tens digit of n?
1
Let c be ((-5 - -7) + (-523 - -1))*-4. Suppose -24*n + 20*n - c = -4*j, -2*j - n + 1049 = 0. What is the tens digit of j?
2
Let g(t) = -t**3 + 25*t**2 + 7*t + 40. Let y be g(25). Suppose 4 = -3*j + 13. Suppose y = j*q + 86. What is the units digit of q?
3
Suppose 0 = -7*m + 208849 + 240558. What is the tens digit of m?
0
Let x(v) = -v**2 - 12*v - 9. Let f be x(-7). Suppose -4*b - s = -17, -3*s = 4*b - 5*s - f. Suppose -90 = -8*y + b*y. What is the tens digit of y?
3
Let o(z) = 7*z**2 + 4*z + 8 - 2*z + 3*z. Let f be o(-9). What is the units digit of 2/3*3 + f/10?
5
Let j = 1 - 1. Let i be -1575 + -1*(j - -1). What is the units digit of (-16)/(-40) + i/(-10)?
8
Let v = -121 - -351. Let h be v/(-40) + (-6)/(-8). What is the tens digit of 210/(-8)*(h - -9 - 8)?
0
Suppose -114*a - 90402 + 1438740 = 173910. What is the hundreds digit of a?
3
Suppose 0 = 9*p - 8*p + 2, -p = -4*h + 36906. What is the thousands digit of h?
9
Suppose j - 3*s = 5*j - 25, 2 = -j + 2*s. Suppose 0 = j*g - g. Suppose -4*b + g = 4, -5*d + 3